t common factor of 48 and w?
16
Let x be ((-4)/4 - -7 - 5)*126. What is the greatest common factor of x and 210?
42
Let v(d) = d - 7. Let j = 39 + -30. Let h be v(j). What is the highest common divisor of h and 1?
1
Suppose 4*i - 155 - 97 = 0. Let c = -23 + 44. Calculate the greatest common divisor of i and c.
21
Suppose 0 = -n + 4*n - 5*s - 152, 5*n + 4*s - 241 = 0. Calculate the highest common divisor of 539 and n.
49
Let m be (-18 - -60)*(0 - (-2)/4). Suppose -12*u + m = -315. Let k be 21/(((-6)/20)/(-1)). What is the highest common factor of k and u?
14
Let p(y) = 4*y**2 + 7*y + 1. Let j be p(5). Suppose c = -23 + 40. Calculate the highest common divisor of c and j.
17
Suppose 0 = -5*c - 11*y + 16*y + 485, 3*c - 4*y = 295. Calculate the highest common factor of 527 and c.
31
Let i be 2/7 - (-78)/21. Let f be ((-6)/i)/((-3)/6). Suppose 3*z - j - 167 = 0, -f*z + z = -2*j - 114. Calculate the highest common factor of z and 5.
5
Let t be 13 - (-2)/3*57/38. Calculate the highest common factor of t and 2702.
14
Let g(a) = 282*a - 45. Let z be g(6). What is the highest common divisor of 27 and z?
27
Let p be 0 - 2/(0 + -2). Let j be p + 2 + (-93 + 6)/(-3). What is the highest common divisor of 288 and j?
32
Let d be 6/(-2)*3/(-2 + -1). Let r be (-100)/(-3) + (-4)/12. Calculate the highest common divisor of r and d.
3
Let b(v) = -v**3 - 3*v**2 - 4*v + 4. Let y be b(-4). Suppose -75*g + 38 + 517 = -45. What is the highest common divisor of y and g?
4
Let n = -101 - -149. Let z = 54562 - 54522. Calculate the highest common factor of n and z.
8
Suppose -4*u + 3*a = -174, 3*a = -37*u + 39*u - 90. Calculate the highest common divisor of u and 49.
7
Suppose c - 3*v = -v - 8, c + 3*v - 12 = 0. Let l be -2 - -6 - c/7. What is the highest common factor of l and 6?
2
Suppose 0 = -5*k - 2*a + 188, -6*a + 200 = 5*k - a. Let z = -30 + k. Calculate the highest common factor of z and 15.
3
Suppose -15*l + 512 = 122. Calculate the highest common factor of 104 and l.
26
Let a = 223 - 151. Calculate the highest common factor of 18 and a.
18
Let w(i) = i**3 + 2*i + 3. Let l be w(0). Let z = -2 + 5. Let v = l + z. What is the greatest common divisor of 24 and v?
6
Let d be ((-5)/(-15))/(2/24). Let o be -1*d/(-16)*-4. Let f be (-90)/10*(o + 0). What is the greatest common factor of 45 and f?
9
Suppose -415 = -4*g + s, -6*g + 3*g + 305 = -2*s. Let n be (30/(-4))/(3/(-6)). Calculate the highest common divisor of n and g.
15
Suppose 100 = 3*j + 2*j. Suppose 5*s + 703 - 1503 = 0. What is the greatest common divisor of j and s?
20
Let b = 9 - -5. Suppose 2*n + 220 = 2*p, -3*p + 3*n + 342 = 6*n. Calculate the highest common divisor of p and b.
14
Let j = 53 + -64. Let v = 26 - j. What is the greatest common factor of v and 333?
37
Suppose 0 = -5*n + 5*w + 520, 4*w - 84 = -7*n + 6*n. Calculate the greatest common factor of 60 and n.
20
Let q(w) = -w**2 + 8*w - 4. Let y be q(8). Let p be 3/6 - 2/y. Let c be (-1)/(-2)*10*p. What is the highest common divisor of 15 and c?
5
Let b(w) = 76*w - 571. Let x be b(8). Suppose 4*a = 123 + 25. Calculate the greatest common factor of x and a.
37
Suppose 8*n - 45 = 3*n. Let g = -31967 - -31979. What is the greatest common factor of n and g?
3
Let h = 41 - 42. Let r be (2/6)/(1*h/(-45)). Suppose -b = 2*b - 15. Calculate the highest common factor of r and b.
5
Suppose -5*z = h - 1 - 2, -z = 0. Let i(n) = -38*n + 1. Let w be i(-2). Suppose 43 = 5*x - w. What is the highest common factor of x and h?
3
Suppose 2*v - 40 = 4*v. Let g be (v/(-15))/(2/6). Suppose -g*b + 2*c + 72 = 0, 4*c = 8*c - 8. Calculate the greatest common factor of b and 76.
19
Let m(p) = -p**3 + 6*p**2 - 3*p. Let i be m(5). Suppose 8132 = 18*t - 23548. Suppose 10*j = 26*j - t. Calculate the highest common divisor of i and j.
10
Suppose -296 = -8*q + 248. Let g be q/12 + 6/(-9). Calculate the greatest common divisor of 40 and g.
5
Let p(m) = -32*m - 7. Let d be p(-6). Suppose 0 = -4*t - 5*z + d, -126 = -5*t + 3*z + 96. Calculate the greatest common divisor of t and 5.
5
Let a = 3577 - 6589. Let j be 2/3 - a/18. What is the greatest common divisor of 21 and j?
21
Let j(h) = h + 7 + 2 + 2 + 0*h. Let o be j(-5). What is the greatest common divisor of o and 12?
6
Let v be (-40)/50 - (-348)/10. Let r = v - 2. What is the highest common factor of 16 and r?
16
Suppose 8*g - 3*g - 845 = 0. Let z = g + -92. Suppose 17*u - 254 = -135. What is the greatest common factor of u and z?
7
Let u = 115 + -113. Suppose 1 = u*n + 7, 2*f = -4*n + 56. What is the greatest common factor of 136 and f?
34
Suppose 3*p - 2*o = 625, -4*p - p = -2*o - 1043. Let a(v) = -v**2 - 37*v - 191. Let q be a(-7). Calculate the greatest common divisor of p and q.
19
Let f(c) = -9*c + 60. Let j be f(5). Calculate the greatest common divisor of j and 21.
3
Suppose -2*m = -6*m + 2*g - 4, -3*m + 4*g = 3. Let d be (-28 + 2)/(m/6). What is the highest common factor of 12 and d?
12
Let m = -3 + -69. Let y = -26 - m. Calculate the greatest common factor of y and 23.
23
Let c = -29 + 21. Let s be c/(-10)*605/22. Calculate the greatest common divisor of 22 and s.
22
Let v be (-13)/((-5)/10 + 0). Calculate the highest common factor of v and 299.
13
Suppose 5*c + 225 = 6*c. Let u(w) = -w**3 - 2. Suppose -3*r = 2*r + 15. Let j be u(r). What is the greatest common factor of j and c?
25
Suppose -7*f + 140 = -0*f. Let u be -2 + (-20)/(-5) + f. What is the greatest common divisor of 66 and u?
22
Let b(d) = 111*d + 54. Let t(z) = -22*z - 11. Let l(m) = 5*b(m) + 24*t(m). Let r be l(2). What is the greatest common factor of 24 and r?
12
Let j(f) = -f**3 - f**2 + 1. Let h be j(1). Let l be h + -26*2/(-4). Let g be 2/(-13) - (-7448)/247. Calculate the highest common factor of l and g.
6
Suppose -3*n = -u - 2*u - 129, -4*n + 166 = -2*u. Calculate the highest common factor of 10 and n.
10
Let p be (270/25)/(1/25). Suppose 2*q - 4*q = -p. What is the highest common factor of 15 and q?
15
Let m(j) = -j + 1. Let g be m(1). Suppose z = 27 - 3. Suppose 0*y + 4*y - 4*h - z = g, -y + 8 = h. Calculate the highest common factor of y and 35.
7
Suppose -d - 5 = -4*r, 4*r = -2*d + 3 - 1. Let g be (-3 + -4 - (-1)/(-1))*-2. Let f be (-4)/2 - (r - g). What is the greatest common factor of f and 26?
13
Let l = 48 - 20. Suppose -2*g + l - 4 = 0. Suppose -2*v + 3*v = 4*z + 6, 0 = 5*v - 4*z - 78. What is the greatest common factor of g and v?
6
Let p(f) = -f**3 + 8*f**2 + f - 6. Let b be p(8). Suppose 2*k - 5*o + b = 103, 0 = -k - 2*o + 46. Calculate the greatest common divisor of 32 and k.
16
Let h = -31 - -54. What is the highest common factor of 667 and h?
23
Suppose -24*u + 26*u = 184. Let l = -196 - -334. What is the highest common factor of l and u?
46
Let f(h) = 31*h + 24. Let b be f(0). What is the highest common factor of b and 24?
24
Let b be 1/((-2)/(-96)*3). Let t(m) = -2*m**2 + 3*m - 3. Let o be t(2). Let v = o + b. What is the highest common factor of 121 and v?
11
Let c(z) = -z + 12. Let n = 11 - 15. Let k be (n/(-10))/(2/50). Let v be c(k). What is the highest common divisor of 18 and v?
2
Suppose 5*p - 4*j - 166 = 0, -2*j + 32 - 10 = p. Let y = p - 20. What is the greatest common divisor of y and 4?
2
Suppose 0*l - 5*l = 10, -3*q = -3*l - 15. Suppose 0 = r + 4*w - 11, -q*r - 5*w = r - 22. Suppose -3 = -r*c - 0. Calculate the highest common factor of c and 10.
1
Suppose g = 3*n - 75, 3*n + 8*g - 3*g = 57. Let z = 0 + n. Calculate the greatest common factor of 3 and z.
3
Suppose 0 = -f - 4 - 0. Let m be f + (-6)/(-3) + 50. Suppose 130 = 4*j - 158. Calculate the highest common divisor of j and m.
24
Let g = 626 - 616. Calculate the highest common factor of 320 and g.
10
Suppose 0 = -5*q + 3 + 2. Let r be 36/q + -2 - 1. Suppose -18 = -k + 2*k - 5*s, 0 = 4*k + s - r. What is the highest common factor of k and 56?
7
Suppose -23*g = -19*g - 144. What is the greatest common divisor of 117 and g?
9
Suppose 41*m = 42*m - 345. What is the greatest common divisor of 15 and m?
15
Let p be (-232)/174 - (-2146)/3. What is the greatest common factor of p and 170?
34
Let j = 18 + -21. Let v be (-4 - j) + 2*12. Let o = 127 - v. What is the highest common divisor of o and 13?
13
Suppose 0 = -19*h - 6*h + 9125. What is the greatest common divisor of h an